= 1. What are the prime factors of 0 - 0 - a*1?
3
Let d = -21 + 40. What are the prime factors of d?
19
Let f = 120 + -86. Let b = -21 + f. List the prime factors of b.
13
Let r(u) = -28*u - 5. What are the prime factors of r(-3)?
79
Suppose 3*k = 7*k. Suppose 4*r = 5*x - k*x - 47, 2*r = -4*x - 4. Let y = r + 13. List the prime factors of y.
5
Let a be (1 - 0)*(5 + -2). Suppose 0 = 2*v + a*v + 170. List the prime factors of 6/(-15) + v/(-10).
3
Suppose 10 = 5*t - 0. Suppose 92 = 6*a - t*a. What are the prime factors of a?
23
Let r(d) = d**2 + 6*d + 6. Suppose -2*j - 4*b + 3 = 11, 5*j - 5*b = -35. Let p be r(j). What are the prime factors of 2/(-6) - (-62)/p?
2, 5
Let h(l) be the second derivative of -l**3/6 + 35*l**2/2 + l. Let g be h(0). Suppose g = -2*c + 5*c + 4*s, 26 = 4*c - 5*s. What are the prime factors of c?
3
Suppose -5*b = -4*u - 807, -b = -0*b + 2*u - 167. List the prime factors of b.
163
List the prime factors of (9 - (-3 + 4))*2.
2
Suppose 3*h - 4 = 104. What are the prime factors of h?
2, 3
Let l(b) = -b**3 - 3*b**2 + 1. Let x be l(-2). Let a = 1 - x. Let z = a + 9. What are the prime factors of z?
13
Suppose -5*t = -4*y - 2*t + 11, 4*t = y - 6. Suppose d = y + 3, 0 = 5*a + 4*d + 20. Let h(r) = r**3 + 7*r**2 - 9*r + 3. What are the prime factors of h(a)?
11
Suppose -5*t + 4*t - 1 = h, 0 = -3*t - 2*h - 8. Let g be (t - -3)/((-3)/(-14)). Let k = -3 - g. List the prime factors of k.
11
Suppose 29 = 5*y + 5*c - 4*c, -4*y - 2*c + 22 = 0. What are the prime factors of y?
2, 3
Let r(h) = 2*h + 1 + h - 2*h - 4*h + h**3 + 2*h**2. List the prime factors of r(2).
11
Let k = -16 + 26. Suppose 3*j = -2*r + 50, k = r - j - 5. What are the prime factors of r?
19
List the prime factors of 12/42 - (-1380)/21.
2, 3, 11
Suppose -4*g = -2*l + 352, 5*l - 3*g = 273 + 635. What are the prime factors of l?
2, 23
Let m(t) = t**3 - 25*t**2 - t + 59. List the prime factors of m(25).
2, 17
Let p(j) = -16*j**3 - j - 1. Suppose -5*z + 2 = -2*k + 17, 7 = 3*z + 2*k. Let r be p(z). Suppose -1 = 5*i - r. What are the prime factors of i?
3
Let r(c) = -c**3 - 2*c**2 - 4*c - 4. List the prime factors of r(-3).
17
Let p be (2 + -4)*(-13)/(-2). Let l = p + 23. Let f = 12 - l. What are the prime factors of f?
2
Let u(o) = -o**3 + 2*o**2 + o. Suppose 3*y = 4 + 2. Let t be u(y). Suppose -t*w - 8 = -4*w. List the prime factors of w.
2
Let y(v) = 3*v - 4. Suppose -2*q + 2*k = -2*k + 12, q = -3*k + 19. Let w be y(q). Suppose w = z - 2. List the prime factors of z.
2, 5
Let q(l) = -l**2 + 4*l - 2. Let v be q(7). Let c = v + 32. What are the prime factors of c?
3
Let r(i) = -5*i + 2. Let p be r(-3). Let y = 41 - p. Suppose 0 = j + j - y. What are the prime factors of j?
2, 3
Let i(p) = p. Let b = 5 - 0. What are the prime factors of i(b)?
5
Suppose 4*v + 426 = 2*n, -634 = -2*n - n + v. List the prime factors of n.
211
Let n = 54 + 45. List the prime factors of n.
3, 11
Let y(z) = 0*z - 2*z + z + 2. Let s(f) = -5*f + 10. Let m be s(4). List the prime factors of y(m).
2, 3
Let z = 0 - -1. Let f(o) = 2*o + 1. What are the prime factors of f(z)?
3
Suppose 7*t - 2*t - 26 = 2*j, -3*t + j = -16. Let w be (-1 + t)*9 + 3. Suppose 5*d = 2*d + w. List the prime factors of d.
2
Let s(p) = 10*p**2 - p - 2. Let x be s(-2). Suppose -i - x = -4*j, j - 5*i = 11 - 1. What are the prime factors of j?
2, 5
Let c(w) = 5*w**2 - 7*w + 13. What are the prime factors of c(5)?
103
Let d = 32 + -18. Let v = d + -6. Let n = 3 + v. What are the prime factors of n?
11
Let s = -19 + 9. Let q be 31/5 - (-2)/s. Suppose 2*n - 24 = -2*j, j + 5*n + 40 = q*j. List the prime factors of j.
2, 5
Suppose -1 = -2*p + 81. What are the prime factors of p?
41
Let z(n) = 2*n - 6. Let k be z(7). Let g(j) = j**2 + 1. Let d be g(2). Let w = k - d. List the prime factors of w.
3
Suppose 0 = -3*l - 4*y + 225, -2*l = 3*l + 2*y - 375. List the prime factors of l.
3, 5
Let l(h) = -4*h**3 - h**2 + 3*h + 3. Let q be l(-2). Let g = q + -10. What are the prime factors of g?
3, 5
List the prime factors of (-19)/152 + 178/16.
11
Let g(t) = -t**2 + 4*t + 5. Let q be g(5). Suppose 0*h + 4*h - 12 = q. What are the prime factors of h?
3
Suppose -3*j + j - 2 = 0. Let g(t) = -12*t. What are the prime factors of g(j)?
2, 3
Let u = -20 - -36. Suppose 0 = p + z, 4*p - 2*p = 2*z + u. What are the prime factors of (14/p - 3)*18?
3
Suppose 0 = 2*w - 0*w - 2. Let q be 0 + (2 - (w + -1)). Suppose -4*j + q = -3*j. What are the prime factors of j?
2
Let g(n) = n**3 - 6*n**2 - 6*n + 2. Suppose 5*u = 2*a + 96, 5*u - 3*a - 81 - 18 = 0. Let o = -11 + u. List the prime factors of g(o).
3
Let k(c) = 5 - c + 9*c + 2*c**2 + 3*c**2 - 6*c**2. What are the prime factors of k(8)?
5
Let h = -34 - -79. What are the prime factors of h?
3, 5
Let k(u) be the second derivative of u**5/20 - u**4/3 - u**3/2 + 2*u**2 - 2*u. List the prime factors of k(5).
2, 7
Let w be 0 - (-6)/3 - 11. Let o be (3 + w)*2/3. What are the prime factors of 68/(-2)*2/o?
17
List the prime factors of (-12)/(-6) + (117 - 1).
2, 59
Suppose 0 = 3*a - 0*a - 12. Suppose a*v - 6 = v. Suppose -37 - 21 = -4*w + v*n, -n + 55 = 5*w. List the prime factors of w.
2, 3
Suppose -2*i + 230 = 3*i. What are the prime factors of i?
2, 23
Suppose 0 = -g + 3*g - 4. Suppose 38 = 4*d - g*u, -23 - 18 = -4*d - u. List the prime factors of 2/d - 138/(-10).
2, 7
Let f be -6*(-4)/18*-15. Let z be (3/(-1) + 2)*f. Suppose -z = -3*q + 19. What are the prime factors of q?
13
Let p be (0 - -2) + 2 + -2. List the prime factors of (5*p - 1)/1.
3
Let j(x) = -x**3 + 28. Let i be j(0). Suppose -3*m = -b + 2*m + 40, -b + i = m. Suppose 3*u = 5*p - b, 5*p + 4*u - 13 = 17. What are the prime factors of p?
2, 3
List the prime factors of (-206)/(-4) - 5/10.
3, 17
Suppose 4*s - 262 = -m, 9 = 2*s + m - 123. What are the prime factors of s?
5, 13
Let x = 6 + 3. Suppose 2*h - 4*w = h + x, 3*w = 0. Suppose -3*i = 2*a - 9, -3*i + 0*i + h = a. What are the prime factors of i?
3
Suppose 12*s = 6*s + 594. What are the prime factors of s?
3, 11
Suppose w + 3*x = 226, x + 4 = 2*w - 427. List the prime factors of w.
7, 31
Let n = 45 + -24. What are the prime factors of n?
3, 7
Let c(a) = a + 17. Let s = 5 - 15. What are the prime factors of c(s)?
7
Suppose 2*a + 98 = 2*n - 6, 5*a = 4*n - 264. Let p = 78 + a. List the prime factors of p.
2, 11
Let h(t) = t**2 - 2*t - 11. What are the prime factors of h(-3)?
2
Suppose -44 = -4*k - o - 9, 0 = -3*k - 2*o + 30. List the prime factors of k.
2
Let z(p) = -p**3 + 18*p**2 + 10*p + 30. List the prime factors of z(18).
2, 3, 5, 7
Let b(j) = j**2 + 4*j - 3. Let k be b(-5). What are the prime factors of (-20)/(k*-2)*5?
5
Suppose -10 = 2*o - 4. Let b = -1 + 2. Let s = b - o. What are the prime factors of s?
2
Suppose 0 = 2*s - 3*b - 13, -4*s + 2*b + 3*b = -25. Suppose -4*w - 3*r = -163, -w - 22 = s*r - 84. What are the prime factors of w?
37
Suppose 0 = y - 5*x - 101, y = -x + 100 + 25. What are the prime factors of y?
11
List the prime factors of (-10)/(-35) + ((-4077)/21)/(-3).
5, 13
Suppose -n = -12*n + 176. What are the prime factors of n?
2
Let o = -24 - -69. Let s = o - 26. List the prime factors of s.
19
Let b(f) = -f + 10. Let w be (13 - 1)*(-2)/(-4). Let z be b(w). Let c = z + 0. What are the prime factors of c?
2
Suppose -4*l - 14 = -3*l - 4*j, 5*l + 70 = 4*j. List the prime factors of (-21)/(-6)*(-24)/l.
2, 3
Let d(l) = -2*l - 4 + 3 - 6. Suppose -5*h = 5*i - 0*h, -3*i = -2*h + 25. List the prime factors of d(i).
3
Let w(q) = q + 10. Let c be w(0). Let v be (-1)/(-1 - (-8)/c). Suppose -36 = -v*m + 19. What are the prime factors of m?
11
Let t(k) = -k - 6. Let y be t(0). Let s(c) = c + 7. Let v be s(y). Let a = v + 4. List the prime factors of a.
5
Let w(u) = u**2 - 3. Let c(r) = r + 3. Let s be c(-6). Let m be w(s). Let y(o) = o - 3. What are the prime factors of y(m)?
3
List the prime factors of (40/(-3))/(12/(-36)).
2, 5
Let l(g) = g**3 + 18*g**2 - 48*g + 13. List the prime factors of l(-20).
173
Let n = -3 + 6. Suppose -24 = -i + n*l, 0 = -2*i - 2*i - 2*l + 26. Let k = i + 13. List the prime factors of k.
2, 11
Let d = -53 + 80. What are the prime factors of d?
3
Suppose -5*h + 4 = -h. Let y be 4 + -4 + -1 + h. List the prime factors of 15/5 + (y - -2).
5
Let y = -48 + 124. List the prime fac